{"id":561,"date":"2018-06-14T10:51:15","date_gmt":"2018-06-14T08:51:15","guid":{"rendered":"https:\/\/joanna-jonathan.be\/?page_id=561"},"modified":"2018-06-14T22:19:41","modified_gmt":"2018-06-14T20:19:41","slug":"coutumes-zwyczaje","status":"publish","type":"page","link":"https:\/\/joanna-jonathan.be\/index.php\/mariage-polonais\/coutumes-zwyczaje\/","title":{"rendered":"Coutumes | Zwyczaje"},"content":{"rendered":"<p>En Pologne les futurs mari\u00e9s peuvent adopter soit pour un\u202fmariage civil, soit pour un\u202fmariage religieux\u202fcatholique par exemple, qui est \u00e9galement l\u00e9gal au regard de la l\u00e9gislation polonaise. Une grande majorit\u00e9 de la population est de confession catholique, pr\u00e8s de 87 %. Le mariage polonais traditionnel aura donc lieu g\u00e9n\u00e9ralement au sein d\u2019une\u202f\u00e9glise catholique.\u00a0<span data-ccp-props=\"{&quot;134233117&quot;:true,&quot;134233118&quot;:true,&quot;201341983&quot;:0,&quot;335551550&quot;:6,&quot;335551620&quot;:6,&quot;335559739&quot;:120,&quot;335559740&quot;:240}\">\u00a0<\/span><\/p>\n<p>En mati\u00e8re de\u202fmariages, la Pologne a ses propres coutumes que nous vous proposons de d\u00e9couvrir.\u00a0Bien \u00e9videmment, les traditions polonaises sont aussi un peu diff\u00e9rentes et sp\u00e9cifiques, selon les r\u00e9gions, comme par exemple dans les montagnes, dans le sud,\u00a0ce n\u2019est pas\u00a0toujours pareil que dans le nord de la Pologne.<span data-ccp-props=\"{&quot;134233117&quot;:true,&quot;134233118&quot;:true,&quot;201341983&quot;:0,&quot;335551550&quot;:6,&quot;335551620&quot;:6,&quot;335559739&quot;:120,&quot;335559740&quot;:240}\">\u00a0<\/span><\/p>\n<p>&nbsp;<\/p>\n<ul>\n<li class=\"entry-title\"><span style=\"color: #3366ff;\"><a style=\"color: #3366ff;\" href=\"https:\/\/joanna-jonathan.be\/index.php\/mariage-polonais\/benediction-des-parents-blogoslawienstwo\/\">B\u00e9n\u00e9diction des parents | B\u0142ogos\u0142awie\u0144stwo<\/a><\/span><\/li>\n<li class=\"entry-title\"><span style=\"color: #3366ff;\"><a style=\"color: #3366ff;\" href=\"https:\/\/joanna-jonathan.be\/index.php\/mariage-polonais\/barrages-bramy\/\">Barrages | Bramy<\/a><\/span><\/li>\n<li class=\"entry-title\"><span style=\"color: #3366ff;\"><a style=\"color: #3366ff;\" href=\"https:\/\/joanna-jonathan.be\/index.php\/mariage-polonais\/ceremonie-slub\/\">C\u00e9r\u00e9monie | \u015alub<\/a><\/span><\/li>\n<li class=\"entry-title\"><span style=\"color: #3366ff;\"><a style=\"color: #3366ff;\" href=\"https:\/\/joanna-jonathan.be\/index.php\/mariage-polonais\/du-pain-du-sel-de-leau-et-de-la-vodka-powitanie-chlebem-sola-woda-i-wodka\/\">Du pain, du sel, de l\u2019eau et de la vodka | Powitanie chlebem, sol\u0105, wod\u0105 i w\u00f3dk\u0105<\/a><\/span><\/li>\n<li class=\"entry-title\"><span style=\"color: #3366ff;\"><a style=\"color: #3366ff;\" href=\"https:\/\/joanna-jonathan.be\/index.php\/mariage-polonais\/repas-dania-weselne\/\">Repas\u00a0|\u00a0Dania\u00a0\u00a0weselne<\/a><\/span><\/li>\n<li class=\"entry-title\"><span style=\"color: #3366ff;\"><a style=\"color: #3366ff;\" href=\"https:\/\/joanna-jonathan.be\/index.php\/mariage-polonais\/a-minuit-oczepiny\/\">A minuit | Oczepiny<\/a><\/span><\/li>\n<li class=\"entry-title\"><span style=\"color: #3366ff;\"><a style=\"color: #3366ff;\" href=\"https:\/\/joanna-jonathan.be\/index.php\/mariage-polonais\/lendemain-des-noces-poprawiny\/\">Lendemain des noces | Poprawiny<\/a><\/span><\/li>\n<\/ul>\n<p>&nbsp;<\/p>\n<p><img loading=\"lazy\" decoding=\"async\" class=\"aligncenter\" src=\"http:\/\/janaszkiewicz.com\/wp-content\/uploads\/2017\/02\/20-5999-post\/wesele-w-siedem-drzew-fotograf-poznan-054.jpg\" width=\"425\" height=\"283\" \/><\/p>\n","protected":false},"excerpt":{"rendered":"<p>En Pologne les futurs mari\u00e9s peuvent adopter soit pour un\u202fmariage civil, soit pour un\u202fmariage religieux\u202fcatholique par exemple, qui est \u00e9galement l\u00e9gal au regard de la l\u00e9gislation polonaise. Une grande majorit\u00e9 de la population est de confession catholique, pr\u00e8s de 87 %. Le mariage polonais traditionnel aura donc lieu g\u00e9n\u00e9ralement au sein d\u2019une\u202f\u00e9glise catholique.\u00a0\u00a0 En mati\u00e8re [&hellip;]<\/p>\n","protected":false},"author":2,"featured_media":0,"parent":513,"menu_order":7,"comment_status":"closed","ping_status":"closed","template":"","meta":{"footnotes":""},"_links":{"self":[{"href":"https:\/\/joanna-jonathan.be\/index.php\/wp-json\/wp\/v2\/pages\/561"}],"collection":[{"href":"https:\/\/joanna-jonathan.be\/index.php\/wp-json\/wp\/v2\/pages"}],"about":[{"href":"https:\/\/joanna-jonathan.be\/index.php\/wp-json\/wp\/v2\/types\/page"}],"author":[{"embeddable":true,"href":"https:\/\/joanna-jonathan.be\/index.php\/wp-json\/wp\/v2\/users\/2"}],"replies":[{"embeddable":true,"href":"https:\/\/joanna-jonathan.be\/index.php\/wp-json\/wp\/v2\/comments?post=561"}],"version-history":[{"count":9,"href":"https:\/\/joanna-jonathan.be\/index.php\/wp-json\/wp\/v2\/pages\/561\/revisions"}],"predecessor-version":[{"id":713,"href":"https:\/\/joanna-jonathan.be\/index.php\/wp-json\/wp\/v2\/pages\/561\/revisions\/713"}],"up":[{"embeddable":true,"href":"https:\/\/joanna-jonathan.be\/index.php\/wp-json\/wp\/v2\/pages\/513"}],"wp:attachment":[{"href":"https:\/\/joanna-jonathan.be\/index.php\/wp-json\/wp\/v2\/media?parent=561"}],"curies":[{"name":"wp","href":"https:\/\/api.w.org\/{rel}","templated":true}]}}