{"id":433,"date":"2018-01-16T20:38:17","date_gmt":"2018-01-16T19:38:17","guid":{"rendered":"https:\/\/joanna-jonathan.be\/?page_id=433"},"modified":"2018-05-09T11:56:11","modified_gmt":"2018-05-09T09:56:11","slug":"poziomka-12km","status":"publish","type":"page","link":"https:\/\/joanna-jonathan.be\/index.php\/logements\/poziomka-12km\/","title":{"rendered":"Poziomka &#8211; 12km"},"content":{"rendered":"<h3>Le plus proche &#8211; 12km<\/h3>\n<p>Poziomka (la fraise des bois) est l&rsquo;endroit id\u00e9al pour les personnes qui veulent se d\u00e9tendre dans le calme et le confort \u00e0 la campagne.<\/p>\n<p>L\u2019hotel Poziomka fonctionne depuis 2002 et offre des chambres de 1-2-3 personnes avec salle de bain s\u00e9par\u00e9e, TV satellite, acc\u00e8s Internet sans fil et des appartements avec kitchenette.<\/p>\n<p>L\u2019hotel compte \u00e9galement une micro brasserie et un restaurant avec de la cuisine traditionnelle.<\/p>\n<p>L&rsquo;atmosph\u00e8re unique, la bonne compagnie et le bon service garantiront un bon repos et amusement.<\/p>\n<p>&nbsp;<\/p>\n<h3>Activit\u00e9s\u00a0:<\/h3>\n<ul>\n<li>Plage surveill\u00e9e du lac Bor\u00f3wno<\/li>\n<li>Spa \u00e0 la bi\u00e8re locale produite par le propri\u00e9taire de Poziomka (excellent pour les rhumatismes!)<\/li>\n<li>V\u00e9lo \u00e0 louer \u00e0 proximit\u00e9<\/li>\n<li>Equitation<\/li>\n<li>Randonn\u00e9es p\u00e9destres<\/li>\n<li>P\u00eache<\/li>\n<li>Court de tennis en terre battue<\/li>\n<li>Piscine couverte<\/li>\n<li>Sauna<\/li>\n<li>Barbecue<\/li>\n<li>Plaine de jeux pour les enfants<\/li>\n<\/ul>\n<p>&nbsp;<\/p>\n<h3>Tarifs (minimum trois nuits):<\/h3>\n<ul>\n<li><em><span style=\"color: #800080;\">pok\u00f3j 1 osobowy \u2013 130 z\u0142<\/span><\/em> \u2013 chambre 1 personne ~ 35\u20ac d\u00e9jeuner compris<\/li>\n<li><span style=\"color: #800080;\"><em>pok\u00f3j 2 osobowy \u2013 200 z\u0142<\/em><\/span> &#8211; chambre 2 personnes ~50 \u20ac d\u00e9jeuner compris<\/li>\n<li>p<em><span style=\"color: #800080;\">ok\u00f3j 3 osobowy \u2013 230 z\u0142<\/span><\/em> \u2013 chambre 3 personnes ~ 58\u20ac d\u00e9jeuner compris<\/li>\n<li>a<span style=\"color: #800080;\"><em>partament \u2013 od 230 z\u0142 do 300 z\u0142 w zale\u017cno\u015bci od standardu oraz wielko\u015bci<\/em><\/span> \u2013 appartament prix d\u00e9pend de sa taille ~58-75\u20ac d\u00e9jeuner compris<\/li>\n<\/ul>\n<h3>R\u00e9servations:<\/h3>\n<p>Pour les r\u00e9servations (en Anglais):<\/p>\n<p>tel.: 0048 664 127 140, 0048 664 126 459<\/p>\n<div>e-mail:\u00a0<a href=\"mailto:kujanki@post.pl\">kujanki@post.pl<\/a><\/div>\n<div><\/div>\n<div>(Et nous en copie pour \u00eatre certain qu&rsquo;ils comprennent bien: <a href=\"mailto:mariage@joanna-jonathan.be\">mariage@joanna-jonathan.be<\/a> )<\/div>\n<h3>Coordon\u00e9es:<\/h3>\n<p>GOSPODARSTWO AGROTURYSTYCZNE I RESTAURACJA \u201ePOZIOMKA\u201d Jerzy Kanurski<\/p>\n<p>Kujanki 66<\/p>\n<p>77-424 Zakrzewo<\/p>\n<p>e-mail: kujanki@post.pl<\/p>\n<p>Google Maps:\u00a0<a href=\"https:\/\/goo.gl\/maps\/vMUzBaUKvms\" target=\"_blank\" rel=\"noopener\">https:\/\/goo.gl\/maps\/vMUzBaUKvms<\/a><\/p>\n<h3>Liens:<\/h3>\n<p><a href=\"http:\/\/www.kujanki.com.pl\/galeria\/\" target=\"_blank\" rel=\"noopener\">http:\/\/www.kujanki.com.pl\/galeria\/<\/a><\/p>\n<p>Traduction google:\u00a0<a href=\"https:\/\/translate.google.be\/translate?hl=fr&amp;sl=pl&amp;tl=fr&amp;u=http%3A%2F%2Fwww.kujanki.com.pl\" target=\"_blank\" rel=\"noopener\">https:\/\/translate.google.be\/translate?hl=fr&amp;sl=pl&amp;tl=fr&amp;u=http%3A%2F%2Fwww.kujanki.com.pl<\/a><\/p>\n<p>Facebook:\u00a0<a href=\"https:\/\/www.facebook.com\/Restauracja-i-Go%C5%9Bciniec-Poziomka-167508956616208\/\" target=\"_blank\" rel=\"noopener\">https:\/\/www.facebook.com\/Restauracja-i-Go%C5%9Bciniec-Poziomka-167508956616208\/<\/a><\/p>\n<p>&nbsp;<\/p>\n<p><img loading=\"lazy\" decoding=\"async\" class=\"alignleft size-full wp-image-436\" src=\"https:\/\/joanna-jonathan.be\/wp-content\/uploads\/2018\/01\/noca.jpg\" alt=\"\" width=\"800\" height=\"533\" srcset=\"https:\/\/joanna-jonathan.be\/wp-content\/uploads\/2018\/01\/noca.jpg 800w, https:\/\/joanna-jonathan.be\/wp-content\/uploads\/2018\/01\/noca-300x200.jpg 300w, https:\/\/joanna-jonathan.be\/wp-content\/uploads\/2018\/01\/noca-768x512.jpg 768w, https:\/\/joanna-jonathan.be\/wp-content\/uploads\/2018\/01\/noca-480x320.jpg 480w\" sizes=\"(max-width: 800px) 100vw, 800px\" \/><\/p>\n<p>&nbsp;<\/p>\n<p>&nbsp;<\/p>\n","protected":false},"excerpt":{"rendered":"<p>Le plus proche &#8211; 12km Poziomka (la fraise des bois) est l&rsquo;endroit id\u00e9al pour les personnes qui veulent se d\u00e9tendre dans le calme et le confort \u00e0 la campagne. L\u2019hotel Poziomka fonctionne depuis 2002 et offre des chambres de 1-2-3 personnes avec salle de bain s\u00e9par\u00e9e, TV satellite, acc\u00e8s Internet sans fil et des appartements [&hellip;]<\/p>\n","protected":false},"author":1,"featured_media":0,"parent":430,"menu_order":0,"comment_status":"closed","ping_status":"closed","template":"","meta":{"footnotes":""},"_links":{"self":[{"href":"https:\/\/joanna-jonathan.be\/index.php\/wp-json\/wp\/v2\/pages\/433"}],"collection":[{"href":"https:\/\/joanna-jonathan.be\/index.php\/wp-json\/wp\/v2\/pages"}],"about":[{"href":"https:\/\/joanna-jonathan.be\/index.php\/wp-json\/wp\/v2\/types\/page"}],"author":[{"embeddable":true,"href":"https:\/\/joanna-jonathan.be\/index.php\/wp-json\/wp\/v2\/users\/1"}],"replies":[{"embeddable":true,"href":"https:\/\/joanna-jonathan.be\/index.php\/wp-json\/wp\/v2\/comments?post=433"}],"version-history":[{"count":16,"href":"https:\/\/joanna-jonathan.be\/index.php\/wp-json\/wp\/v2\/pages\/433\/revisions"}],"predecessor-version":[{"id":660,"href":"https:\/\/joanna-jonathan.be\/index.php\/wp-json\/wp\/v2\/pages\/433\/revisions\/660"}],"up":[{"embeddable":true,"href":"https:\/\/joanna-jonathan.be\/index.php\/wp-json\/wp\/v2\/pages\/430"}],"wp:attachment":[{"href":"https:\/\/joanna-jonathan.be\/index.php\/wp-json\/wp\/v2\/media?parent=433"}],"curies":[{"name":"wp","href":"https:\/\/api.w.org\/{rel}","templated":true}]}}