{"id":327,"date":"2018-01-06T14:25:21","date_gmt":"2018-01-06T13:25:21","guid":{"rendered":"https:\/\/joanna-jonathan.be\/?page_id=327"},"modified":"2018-01-08T10:43:37","modified_gmt":"2018-01-08T09:43:37","slug":"itineraire-depuis-le-sud","status":"publish","type":"page","link":"https:\/\/joanna-jonathan.be\/index.php\/tourisme\/itineraire-depuis-le-sud\/","title":{"rendered":"Itin\u00e9raire depuis le sud | Trasa z po\u0142udnia"},"content":{"rendered":"<p>Cet itin\u00e9raire vous m\u00e8nera de la superbe ville de Cracovie \u00e0 notre r\u00e9gion de mariage et est r\u00e9alisable majoritairement en train (\u00a0<a href=\"http:\/\/rozklad-pkp.pl\/en\" target=\"_blank\" rel=\"noopener\">Train en Pologne<\/a>\u00a0)<\/p>\n<p>Les \u00e9tapes:<\/p>\n<ul>\n<li>Cracovie (accessible en avion depuis la Belgique)<\/li>\n<li>Wroclaw (alternative: Varsovie)<\/li>\n<li>Poznan<\/li>\n<li>Torun<\/li>\n<\/ul>\n<p><iframe loading=\"lazy\" style=\"border: 0;\" src=\"https:\/\/www.google.com\/maps\/embed?pb=!1m40!1m12!1m3!1d2542142.5053994744!2d16.13760522410889!3d51.52126877394013!2m3!1f0!2f0!3f0!3m2!1i1024!2i768!4f13.1!4m25!3e0!4m5!1s0x471644c0354e18d1%3A0xb46bb6b576478abf!2sKrak%C3%B3w%2C+Pologne!3m2!1d50.064650099999994!2d19.9449799!4m5!1s0x470fe9c2d4b58abf%3A0xb70956aec205e0f5!2sWroc%C5%82aw%2C+Pologne!3m2!1d51.1078852!2d17.038537599999998!4m5!1s0x470444d2ece10ab7%3A0xa4ea31980334bfd1!2sPozna%C5%84%2C+Pologne!3m2!1d52.406374!2d16.9251681!4m5!1s0x470334e1d994ec19%3A0x744a729a586a89c4!2zVG9ydcWELCBQb2xvZ25l!3m2!1d53.013790199999995!2d18.5984437!5e0!3m2!1sfr!2sbe!4v1515244664544\" width=\"600\" height=\"450\" frameborder=\"0\" allowfullscreen=\"allowfullscreen\"><\/iframe><br \/>\n<a href=\"https:\/\/goo.gl\/maps\/7wojrFcZLsP2\" target=\"_blank\" rel=\"noopener\">Lien<\/a><\/p>\n","protected":false},"excerpt":{"rendered":"<p>Cet itin\u00e9raire vous m\u00e8nera de la superbe ville de Cracovie \u00e0 notre r\u00e9gion de mariage et est r\u00e9alisable majoritairement en train (\u00a0Train en Pologne\u00a0) Les \u00e9tapes: Cracovie (accessible en avion depuis la Belgique) Wroclaw (alternative: Varsovie) Poznan Torun Lien<\/p>\n","protected":false},"author":1,"featured_media":0,"parent":264,"menu_order":0,"comment_status":"closed","ping_status":"closed","template":"","meta":{"footnotes":""},"_links":{"self":[{"href":"https:\/\/joanna-jonathan.be\/index.php\/wp-json\/wp\/v2\/pages\/327"}],"collection":[{"href":"https:\/\/joanna-jonathan.be\/index.php\/wp-json\/wp\/v2\/pages"}],"about":[{"href":"https:\/\/joanna-jonathan.be\/index.php\/wp-json\/wp\/v2\/types\/page"}],"author":[{"embeddable":true,"href":"https:\/\/joanna-jonathan.be\/index.php\/wp-json\/wp\/v2\/users\/1"}],"replies":[{"embeddable":true,"href":"https:\/\/joanna-jonathan.be\/index.php\/wp-json\/wp\/v2\/comments?post=327"}],"version-history":[{"count":5,"href":"https:\/\/joanna-jonathan.be\/index.php\/wp-json\/wp\/v2\/pages\/327\/revisions"}],"predecessor-version":[{"id":412,"href":"https:\/\/joanna-jonathan.be\/index.php\/wp-json\/wp\/v2\/pages\/327\/revisions\/412"}],"up":[{"embeddable":true,"href":"https:\/\/joanna-jonathan.be\/index.php\/wp-json\/wp\/v2\/pages\/264"}],"wp:attachment":[{"href":"https:\/\/joanna-jonathan.be\/index.php\/wp-json\/wp\/v2\/media?parent=327"}],"curies":[{"name":"wp","href":"https:\/\/api.w.org\/{rel}","templated":true}]}}