{"id":318,"date":"2018-01-06T14:11:04","date_gmt":"2018-01-06T13:11:04","guid":{"rendered":"https:\/\/joanna-jonathan.be\/?page_id=318"},"modified":"2018-01-08T10:42:12","modified_gmt":"2018-01-08T09:42:12","slug":"itineraire-berlin-gdansk","status":"publish","type":"page","link":"https:\/\/joanna-jonathan.be\/index.php\/tourisme\/itineraire-berlin-gdansk\/","title":{"rendered":"Itin\u00e9raire Berlin-Gdansk | Trasa Berlin &#8211; Gda\u0144sk"},"content":{"rendered":"<p>Voici un itin\u00e9raire possible qui vous m\u00e8nera de Berlin \u00e0 la mer Baltique (Gdansk- notre coup de coeur!) en passant \u00e0 proximit\u00e9 de notre lieu de mariage.<\/p>\n<p>A faire dans un sens ou dans l&rsquo;autre! (\u00e9galement possible pour les personnes qui arriveraient en avion \u00e0 Gdansk ou Poznan)<\/p>\n<p>Les \u00e9tapes:<\/p>\n<ul>\n<li>Berlin<\/li>\n<li>Poznan<\/li>\n<li>Torun<\/li>\n<li>Malbork<\/li>\n<li>Gdansk<\/li>\n<\/ul>\n<p>&nbsp;<\/p>\n<p>A recommander pour:<\/p>\n<p>Les amateurs de villes et de vie nocturne.<\/p>\n<p><iframe loading=\"lazy\" style=\"border: 0;\" src=\"https:\/\/www.google.com\/maps\/embed?pb=!1m46!1m12!1m3!1d1220261.2680636093!2d15.09082810040382!3d53.31957356694306!2m3!1f0!2f0!3f0!3m2!1i1024!2i768!4f13.1!4m31!3e0!4m5!1s0x47a84e373f035901%3A0x42120465b5e3b70!2sBerlin%2C+Allemagne!3m2!1d52.520006599999995!2d13.404954!4m5!1s0x470444d2ece10ab7%3A0xa4ea31980334bfd1!2sPozna%C5%84%2C+Pologne!3m2!1d52.406374!2d16.9251681!4m5!1s0x470334e1d994ec19%3A0x744a729a586a89c4!2zVG9ydcWELCBQb2xvZ25l!3m2!1d53.013790199999995!2d18.5984437!4m5!1s0x46fd59a12fc856a3%3A0x99a9a052865cc124!2sMalbork%2C+Pologne!3m2!1d54.0361319!2d19.0379763!4m5!1s0x46fd731c14d4fa6f%3A0x9bb9fbf163b7be8d!2sGda%C5%84sk%2C+Pologne!3m2!1d54.3520252!2d18.6466384!5e0!3m2!1sfr!2sbe!4v1515242990093\" width=\"600\" height=\"450\" frameborder=\"0\" allowfullscreen=\"allowfullscreen\"><\/iframe><\/p>\n<p><a href=\"https:\/\/goo.gl\/maps\/QGDfUFE2ou12\" target=\"_blank\" rel=\"noopener\">Lien<\/a><\/p>\n","protected":false},"excerpt":{"rendered":"<p>Voici un itin\u00e9raire possible qui vous m\u00e8nera de Berlin \u00e0 la mer Baltique (Gdansk- notre coup de coeur!) en passant \u00e0 proximit\u00e9 de notre lieu de mariage. A faire dans un sens ou dans l&rsquo;autre! (\u00e9galement possible pour les personnes qui arriveraient en avion \u00e0 Gdansk ou Poznan) Les \u00e9tapes: Berlin Poznan Torun Malbork Gdansk [&hellip;]<\/p>\n","protected":false},"author":1,"featured_media":0,"parent":264,"menu_order":0,"comment_status":"closed","ping_status":"closed","template":"","meta":{"footnotes":""},"_links":{"self":[{"href":"https:\/\/joanna-jonathan.be\/index.php\/wp-json\/wp\/v2\/pages\/318"}],"collection":[{"href":"https:\/\/joanna-jonathan.be\/index.php\/wp-json\/wp\/v2\/pages"}],"about":[{"href":"https:\/\/joanna-jonathan.be\/index.php\/wp-json\/wp\/v2\/types\/page"}],"author":[{"embeddable":true,"href":"https:\/\/joanna-jonathan.be\/index.php\/wp-json\/wp\/v2\/users\/1"}],"replies":[{"embeddable":true,"href":"https:\/\/joanna-jonathan.be\/index.php\/wp-json\/wp\/v2\/comments?post=318"}],"version-history":[{"count":8,"href":"https:\/\/joanna-jonathan.be\/index.php\/wp-json\/wp\/v2\/pages\/318\/revisions"}],"predecessor-version":[{"id":411,"href":"https:\/\/joanna-jonathan.be\/index.php\/wp-json\/wp\/v2\/pages\/318\/revisions\/411"}],"up":[{"embeddable":true,"href":"https:\/\/joanna-jonathan.be\/index.php\/wp-json\/wp\/v2\/pages\/264"}],"wp:attachment":[{"href":"https:\/\/joanna-jonathan.be\/index.php\/wp-json\/wp\/v2\/media?parent=318"}],"curies":[{"name":"wp","href":"https:\/\/api.w.org\/{rel}","templated":true}]}}