{"id":213,"date":"2017-12-02T21:07:40","date_gmt":"2017-12-02T20:07:40","guid":{"rendered":"https:\/\/joanna-jonathan.be\/?page_id=213"},"modified":"2018-02-01T10:15:18","modified_gmt":"2018-02-01T09:15:18","slug":"en-pratique","status":"publish","type":"page","link":"https:\/\/joanna-jonathan.be\/index.php\/en-pratique\/","title":{"rendered":"En pratique | Informacje praktyczne"},"content":{"rendered":"<h3>Comment nous rejoindre?<\/h3>\n<p><em><span style=\"color: #800080;\">Jak do nas dotrze\u0107? <\/span><\/em><\/p>\n<p><em><span style=\"color: #800080;\">Pozwolicie, \u017ce tej cz\u0119\u015bci nie b\u0119d\u0119 t\u0142umaczy\u0107, bo przecie\u017c dacie sobie rad\u0119 z dotarciem na miejsce sami albo z ma\u0142\u0105 pomoc\u0105 GPS \ud83d\ude42\u00a0<\/span><\/em><\/p>\n<ul>\n<li><span style=\"color: #0000ff;\"><a style=\"color: #0000ff;\" href=\"https:\/\/joanna-jonathan.be\/index.php\/en-pratique\/en-avion\/\">En avion | Samolotem\u00a0<\/a><\/span><\/li>\n<li><a href=\"https:\/\/joanna-jonathan.be\/index.php\/en-pratique\/en-voiture\/\"><span style=\"color: #0000ff;\">En voiture\u00a0| Samochodem\u00a0<\/span><\/a><\/li>\n<li><span style=\"color: #0000ff;\"><a style=\"color: #0000ff;\" href=\"https:\/\/joanna-jonathan.be\/index.php\/en-pratique\/en-bus\/\">En bus | Autocarem\u00a0\u00a0<\/a><\/span><\/li>\n<\/ul>\n<p><span style=\"color: #0000ff;\"><img loading=\"lazy\" decoding=\"async\" class=\"alignleft size-full wp-image-239\" src=\"https:\/\/joanna-jonathan.be\/wp-content\/uploads\/2017\/12\/multimodale.png\" alt=\"\" width=\"200\" height=\"130\" \/><\/span><\/p>\n<p>&nbsp;<\/p>\n","protected":false},"excerpt":{"rendered":"<p>Comment nous rejoindre? Jak do nas dotrze\u0107? Pozwolicie, \u017ce tej cz\u0119\u015bci nie b\u0119d\u0119 t\u0142umaczy\u0107, bo przecie\u017c dacie sobie rad\u0119 z dotarciem na miejsce sami albo z ma\u0142\u0105 pomoc\u0105 GPS \ud83d\ude42\u00a0 En avion | Samolotem\u00a0 En voiture\u00a0| Samochodem\u00a0 En bus | Autocarem\u00a0\u00a0 &nbsp;<\/p>\n","protected":false},"author":1,"featured_media":0,"parent":0,"menu_order":0,"comment_status":"closed","ping_status":"closed","template":"","meta":{"footnotes":""},"_links":{"self":[{"href":"https:\/\/joanna-jonathan.be\/index.php\/wp-json\/wp\/v2\/pages\/213"}],"collection":[{"href":"https:\/\/joanna-jonathan.be\/index.php\/wp-json\/wp\/v2\/pages"}],"about":[{"href":"https:\/\/joanna-jonathan.be\/index.php\/wp-json\/wp\/v2\/types\/page"}],"author":[{"embeddable":true,"href":"https:\/\/joanna-jonathan.be\/index.php\/wp-json\/wp\/v2\/users\/1"}],"replies":[{"embeddable":true,"href":"https:\/\/joanna-jonathan.be\/index.php\/wp-json\/wp\/v2\/comments?post=213"}],"version-history":[{"count":12,"href":"https:\/\/joanna-jonathan.be\/index.php\/wp-json\/wp\/v2\/pages\/213\/revisions"}],"predecessor-version":[{"id":509,"href":"https:\/\/joanna-jonathan.be\/index.php\/wp-json\/wp\/v2\/pages\/213\/revisions\/509"}],"wp:attachment":[{"href":"https:\/\/joanna-jonathan.be\/index.php\/wp-json\/wp\/v2\/media?parent=213"}],"curies":[{"name":"wp","href":"https:\/\/api.w.org\/{rel}","templated":true}]}}